{"id":486,"date":"2016-05-06T19:20:14","date_gmt":"2016-05-06T17:20:14","guid":{"rendered":"http:\/\/girlstrip.pl\/?page_id=486"},"modified":"2016-05-07T11:21:38","modified_gmt":"2016-05-07T09:21:38","slug":"ula","status":"publish","type":"page","link":"https:\/\/girlstrip.pl\/?page_id=486","title":{"rendered":"Ula"},"content":{"rendered":"<p>Mam 40 lat. Pochodz\u0119 z i mieszkam w Warszawie.<br \/>\nMam 3 syn\u00f3w: 17 letniego Czarka je\u017adzi na Yamaha WR125X, 7 letniego Wiktora i 6 letniego Oskara. Ka\u017cdy z nich ma jasne blond w\u0142osy, natomiast z charakter\u00f3w podobni s\u0105 najstarszy z najm\u0142odszym.<br \/>\nPrawo jazdy na moto zrobi\u0142am w 2012 roku. Je\u017cd\u017c\u0119 na bia\u0142ej Kawie er6n od zesz\u0142ej jesieni. Najd\u0142u\u017csza trasa jak\u0105 do momentu wyjazdu na Maj\u00f3wk\u0119 GT 2016 zrobi\u0142am, to do centrum Warszawy czyli ok 30 km, do pracy i z powrotem ok 4 km. Reszta wok\u00f3\u0142 komina dos\u0142ownie \ud83d\ude42<br \/>\nM\u0105\u017c Robert obecnie je\u017adzi na BMW K1300, a ja od 2009 roku z nim na plecaku.<br \/>\nZacz\u0119\u0142am od marca now\u0105 prac\u0119 w dziale handlowym w firmie zajmuj\u0105cej si\u0119 produkcj\u0105 specjalistycznej aparatury do redukcji i pomiaru ci\u015bnienia.<\/p>\n","protected":false},"excerpt":{"rendered":"<p>Mam 40 lat. Pochodz\u0119 z i mieszkam w Warszawie. Mam 3 syn\u00f3w: 17 letniego Czarka je\u017adzi na Yamaha WR125X, 7 letniego Wiktora i 6 letniego Oskara. Ka\u017cdy z nich ma jasne blond w\u0142osy, natomiast&#46;&#46;&#46;<\/p>\n","protected":false},"author":1,"featured_media":539,"parent":0,"menu_order":0,"comment_status":"closed","ping_status":"closed","template":"","meta":{"footnotes":""},"class_list":["post-486","page","type-page","status-publish","has-post-thumbnail","hentry"],"_links":{"self":[{"href":"https:\/\/girlstrip.pl\/index.php?rest_route=\/wp\/v2\/pages\/486","targetHints":{"allow":["GET"]}}],"collection":[{"href":"https:\/\/girlstrip.pl\/index.php?rest_route=\/wp\/v2\/pages"}],"about":[{"href":"https:\/\/girlstrip.pl\/index.php?rest_route=\/wp\/v2\/types\/page"}],"author":[{"embeddable":true,"href":"https:\/\/girlstrip.pl\/index.php?rest_route=\/wp\/v2\/users\/1"}],"replies":[{"embeddable":true,"href":"https:\/\/girlstrip.pl\/index.php?rest_route=%2Fwp%2Fv2%2Fcomments&post=486"}],"version-history":[{"count":12,"href":"https:\/\/girlstrip.pl\/index.php?rest_route=\/wp\/v2\/pages\/486\/revisions"}],"predecessor-version":[{"id":575,"href":"https:\/\/girlstrip.pl\/index.php?rest_route=\/wp\/v2\/pages\/486\/revisions\/575"}],"wp:featuredmedia":[{"embeddable":true,"href":"https:\/\/girlstrip.pl\/index.php?rest_route=\/wp\/v2\/media\/539"}],"wp:attachment":[{"href":"https:\/\/girlstrip.pl\/index.php?rest_route=%2Fwp%2Fv2%2Fmedia&parent=486"}],"curies":[{"name":"wp","href":"https:\/\/api.w.org\/{rel}","templated":true}]}}